{"id":515,"date":"2019-03-23T21:31:50","date_gmt":"2019-03-23T21:31:50","guid":{"rendered":"http:\/\/parroquiabelen.org\/?page_id=515"},"modified":"2022-03-24T21:05:12","modified_gmt":"2022-03-24T21:05:12","slug":"pastoral-juvenil","status":"publish","type":"page","link":"https:\/\/parroquiabelen.org\/index.php\/pastoral-juvenil\/","title":{"rendered":"Pastoral Juvenil"},"content":{"rendered":"<p>[et_pb_section fb_built=&#8221;1&#8243; fullwidth=&#8221;on&#8221; _builder_version=&#8221;3.21.1&#8243;][et_pb_fullwidth_image src=&#8221;https:\/\/parroquiabelen.org\/wp-content\/uploads\/2019\/05\/banner-cabeceras-pastorales-Juvenil.png&#8221; _builder_version=&#8221;3.21.1&#8243;][\/et_pb_fullwidth_image][\/et_pb_section][et_pb_section fb_built=&#8221;1&#8243; _builder_version=&#8221;3.21.1&#8243; custom_padding=&#8221;30px|0|54px|0px|false|false&#8221;][et_pb_row _builder_version=&#8221;3.21.1&#8243;][et_pb_column type=&#8221;2_5&#8243; _builder_version=&#8221;3.21.1&#8243;][et_pb_image src=&#8221;https:\/\/parroquiabelen.org\/wp-content\/uploads\/2019\/05\/Logo-pj-.png&#8221; _builder_version=&#8221;3.21.1&#8243;][\/et_pb_image][et_pb_social_media_follow _builder_version=&#8221;3.21.1&#8243;][et_pb_social_media_follow_network social_network=&#8221;facebook&#8221; url=&#8221;https:\/\/www.facebook.com\/JuventudJosefinaVilasecana\/&#8221; _builder_version=&#8221;3.21.1&#8243; background_color=&#8221;#3b5998&#8243; follow_button=&#8221;off&#8221; url_new_window=&#8221;on&#8221;]facebook[\/et_pb_social_media_follow_network][et_pb_social_media_follow_network social_network=&#8221;instagram&#8221; url=&#8221;https:\/\/www.instagram.com\/juventud_josefina_vilasecana\/&#8221; _builder_version=&#8221;3.21.1&#8243; background_color=&#8221;#ea2c59&#8243; follow_button=&#8221;off&#8221; url_new_window=&#8221;on&#8221;]instagram[\/et_pb_social_media_follow_network][et_pb_social_media_follow_network social_network=&#8221;youtube&#8221; url=&#8221;https:\/\/www.youtube.com\/channel\/UCyZa-0erm6mu87sTdcbQ7MA&#8221; _builder_version=&#8221;3.21.1&#8243; background_color=&#8221;#a82400&#8243; follow_button=&#8221;off&#8221; url_new_window=&#8221;on&#8221;]youtube[\/et_pb_social_media_follow_network][\/et_pb_social_media_follow][\/et_pb_column][et_pb_column type=&#8221;3_5&#8243; _builder_version=&#8221;3.21.1&#8243;][et_pb_text _builder_version=&#8221;3.21.1&#8243;]<\/p>\n<p style=\"text-align: justify;\"><span style=\"color: #000000;\">La Pastoral Juvenil se define como la acci\u00f3n organizada de la Iglesia para acompa\u00f1ar a los j\u00f3venes a descubrir, seguir y comprometerse con Jesucristo y su mensaje para que, transformados en hombres nuevos, e integrando su fe y su vida, se conviertan en protagonistas de la construcci\u00f3n de la Civilizaci\u00f3n del Amor. (Civilizaci\u00f3n del Amor)<\/span><\/p>\n<p style=\"text-align: justify;\"><span style=\"color: #000000;\"><\/span><\/p>\n<h4 style=\"text-align: justify;\"><strong><span style=\"color: #000000;\">OBJETIVO GENERAL<\/span><\/strong><\/h4>\n<p style=\"text-align: justify;\"><span style=\"color: #000000;\">Ser la opci\u00f3n de los j\u00f3venes que habitan en la Parroquia Nuestra Se\u00f1ora de Bel\u00e9n, para promover y brindarles un acompa\u00f1amiento integral desde la espiritualidad josefina vilasecana, ayud\u00e1ndoles a descubrir, seguir y hacer un compromiso con Jesucristo y su mensaje de vida, transform\u00e1ndolos en hombres nuevos, con enfoque en derechos humanos y constructores de paz, para ser forjadores del futuro de nuestra Iglesia.<\/span><\/p>\n<p>[\/et_pb_text][\/et_pb_column][\/et_pb_row][et_pb_row _builder_version=&#8221;3.21.1&#8243;][et_pb_column type=&#8221;3_5&#8243; _builder_version=&#8221;3.21.1&#8243;][et_pb_image src=&#8221;https:\/\/parroquiabelen.org\/wp-content\/uploads\/2019\/05\/54356063_10157151974989591_7453723688450392064_n.jpg&#8221; _builder_version=&#8221;3.21.1&#8243;][\/et_pb_image][\/et_pb_column][et_pb_column type=&#8221;2_5&#8243; _builder_version=&#8221;3.21.1&#8243;][et_pb_text _builder_version=&#8221;3.21.1&#8243;]<\/p>\n<h4 style=\"text-align: justify;\"><strong><span style=\"color: #000000;\">OBJETIVOS ESPECIFICOS<\/span><\/strong><br \/><span style=\"color: #000000;\"><\/span><\/h4>\n<p style=\"text-align: justify;\"><span style=\"color: #000000;\">&#8211; Conformar la Pastoral Juvenil Org\u00e1nica basada en la realidad parroquial.<\/span><br \/><span style=\"color: #000000;\">&#8211; Abrir espacios de participaci\u00f3n intencionada y prospectiva en la misma Iglesia.<\/span><br \/><span style=\"color: #000000;\">&#8211; Presentar a la persona de Cristo vivo, forjando un estilo de vida nuevo y atrayente para la vida de los j\u00f3venes.<\/span><br \/><span style=\"color: #000000;\">&#8211; Asesorar al joven en su proyecto de vida, tomando en cuenta su vida afectiva y profesional y su participaci\u00f3n eclesial y social.<\/span><br \/><span style=\"color: #000000;\">&#8211; Incentivar en el joven su participaci\u00f3n m\u00e1s activa, consciente y responsable en lo eclesial y social, a trav\u00e9s de procesos de empoderamiento y formaci\u00f3n humana.<\/span><br \/><span style=\"color: #000000;\">&#8211; Fomentar el liderazgo, descubriendo y potenciando las aptitudes personales del joven, para promover la cultura de paz en los diferentes \u00e1mbitos en los que se desenvuelve. <\/span><br \/><span style=\"color: #000000;\">&#8211; Incidir pol\u00edticamente a nivel local para el desarrollo de proyectos que respondan a la problem\u00e1tica juvenil.<\/span><\/p>\n<p>[\/et_pb_text][\/et_pb_column][\/et_pb_row][et_pb_row _builder_version=&#8221;3.21.1&#8243;][et_pb_column type=&#8221;1_2&#8243; _builder_version=&#8221;3.21.1&#8243;][et_pb_text _builder_version=&#8221;3.21.1&#8243;]<\/p>\n<h4><strong>MISION<\/strong><\/h4>\n<p style=\"text-align: justify;\">Construir el Reino de Dios a trav\u00e9s del anuncio de los valores del evangelio, procesos de formaci\u00f3n humana y social de los j\u00f3venes, con un verdadero sentido de pertenencia parroquial.<\/p>\n<p>[\/et_pb_text][\/et_pb_column][et_pb_column type=&#8221;1_2&#8243; _builder_version=&#8221;3.21.1&#8243;][et_pb_text _builder_version=&#8221;3.21.1&#8243;]<\/p>\n<h4 style=\"text-align: justify;\"><strong><span style=\"color: #000000;\">VISION<\/span><\/strong><\/h4>\n<p style=\"text-align: justify;\"><span style=\"color: #000000;\">Una pastoral juvenil cercana y comprometida con la comunidad, transformadora de la realidad, con disposici\u00f3n de servicio y entusiasmo en todas las instancias de la parroquia, promotora y defensora de los derechos de la juventud.<\/span><\/p>\n<p>[\/et_pb_text][\/et_pb_column][\/et_pb_row][et_pb_row custom_padding=&#8221;108px|0px|50px|0px|false|false&#8221; _builder_version=&#8221;3.21.1&#8243;][et_pb_column type=&#8221;4_4&#8243; _builder_version=&#8221;3.21.1&#8243;][et_pb_image src=&#8221;https:\/\/parroquiabelen.org\/wp-content\/uploads\/2019\/05\/Itinerario-formativo.png&#8221; _builder_version=&#8221;3.21.1&#8243;][\/et_pb_image][\/et_pb_column][\/et_pb_row][et_pb_row _builder_version=&#8221;3.21.1&#8243;][et_pb_column type=&#8221;2_5&#8243; _builder_version=&#8221;3.21.1&#8243;][et_pb_image src=&#8221;https:\/\/parroquiabelen.org\/wp-content\/uploads\/2019\/05\/49897714_10157022594524591_7999954725757779968_n.jpg&#8221; _builder_version=&#8221;3.21.1&#8243;][\/et_pb_image][\/et_pb_column][et_pb_column type=&#8221;3_5&#8243; _builder_version=&#8221;3.21.1&#8243;][et_pb_text _builder_version=&#8221;3.21.1&#8243;]<\/p>\n<h4 style=\"text-align: justify;\"><strong><span style=\"color: #000000;\">ITINERARIO FORMATIVO<\/span><\/strong><\/h4>\n<p style=\"text-align: justify;\"><span style=\"color: #000000;\">Tomando en cuenta nuestros objetivos, misi\u00f3n, visi\u00f3n, nuestra espiritualidad josefina, el Plan Pastoral Arquidiocesano, nuestro Plan Pastoral Parroquial y teniendo como eje transversal la Vocaci\u00f3n, hemos elaborado nuestro itinerario formativo luego de varios a\u00f1os de trabajo con los j\u00f3venes.<\/span><\/p>\n<p style=\"text-align: justify;\"><span style=\"color: #000000;\">Nuestro Itinerario Formativo, llamado HORIZONTE JOSEFINO, contiene cinco dimensiones, cada uno con un Horizonte, tomando en cuenta la Vida Sacramental, vida de oraci\u00f3n y la Palabra de Dios, a trav\u00e9s de una pedagog\u00eda educativa cristiana, bajo la espiritualidad josefina y el acompa\u00f1amiento personal, el cual busca una incidencia en la vida familiar, parroquial, social y cultural, como Santos, Hermanos y Ap\u00f3stoles.<\/span><\/p>\n<p>[\/et_pb_text][\/et_pb_column][\/et_pb_row][et_pb_row _builder_version=&#8221;3.21.1&#8243;][et_pb_column type=&#8221;1_4&#8243; _builder_version=&#8221;3.21.1&#8243;][et_pb_image src=&#8221;https:\/\/parroquiabelen.org\/wp-content\/uploads\/2022\/03\/Banner-etapa-Antropologica.png&#8221; _builder_version=&#8221;3.21.1&#8243;][\/et_pb_image][et_pb_text _builder_version=&#8221;3.21.1&#8243;]<\/p>\n<p style=\"text-align: justify;\"><span style=\"color: #000000;\"><strong>Formaci\u00f3n Antropol\u00f3gica:<\/strong> Que el joven al finalizar esta etapa, encuentre las respuestas a sus inquietudes en su relaci\u00f3n consigo mismo, en cuanto a su vida emocional y afectiva. <\/span><\/p>\n<p>[\/et_pb_text][\/et_pb_column][et_pb_column type=&#8221;1_4&#8243; _builder_version=&#8221;3.21.1&#8243;][et_pb_image src=&#8221;https:\/\/parroquiabelen.org\/wp-content\/uploads\/2022\/03\/Banner-etapa-Sociologica.png&#8221; _builder_version=&#8221;3.21.1&#8243;][\/et_pb_image][et_pb_text _builder_version=&#8221;3.21.1&#8243;]<\/p>\n<p style=\"text-align: justify;\"><span style=\"color: #000000;\"><strong>Formaci\u00f3n Sociol\u00f3gica:<\/strong> Que el joven al finalizar esta etapa, desarrolle una conciencia en torno a los problemas que afectan a su comunidad social y tenga la capacidad de proponer iniciativas a favor de los m\u00e1s pobres. <\/span><\/p>\n<p>[\/et_pb_text][\/et_pb_column][et_pb_column type=&#8221;1_4&#8243; _builder_version=&#8221;3.21.1&#8243;][et_pb_image src=&#8221;https:\/\/parroquiabelen.org\/wp-content\/uploads\/2022\/03\/Banner-etapa-Cristologica.png&#8221; _builder_version=&#8221;3.21.1&#8243;][\/et_pb_image][et_pb_text _builder_version=&#8221;3.21.1&#8243;]<\/p>\n<p style=\"text-align: justify;\"><span style=\"color: #000000;\"><strong>Formaci\u00f3n Cristol\u00f3gica:<\/strong> Que el joven madure su FE a trav\u00e9s del encuentro con Jesucristo: Camino, Verdad y Vida, presentado a trav\u00e9s del plan de salvaci\u00f3n del hombre.<\/span><\/p>\n<p>[\/et_pb_text][\/et_pb_column][et_pb_column type=&#8221;1_4&#8243; _builder_version=&#8221;3.21.1&#8243;][et_pb_image src=&#8221;https:\/\/parroquiabelen.org\/wp-content\/uploads\/2022\/03\/Banner-etapa-Eclesiologica.png&#8221; _builder_version=&#8221;3.21.1&#8243;][\/et_pb_image][et_pb_text _builder_version=&#8221;3.21.1&#8243;]<\/p>\n<p style=\"text-align: justify;\"><span style=\"color: #000000;\"><strong>Formaci\u00f3n Eclesiol\u00f3gica:<\/strong> Que el joven al finalizar esta etapa, se identifique plenamente con su Iglesia, sacramento de comuni\u00f3n y salvaci\u00f3n, para amarla y comprometerse.<\/span><\/p>\n<p>[\/et_pb_text][\/et_pb_column][\/et_pb_row][et_pb_row _builder_version=&#8221;3.21.1&#8243;][et_pb_column type=&#8221;1_3&#8243; _builder_version=&#8221;3.21.1&#8243;][et_pb_image src=&#8221;https:\/\/parroquiabelen.org\/wp-content\/uploads\/2022\/03\/Banner-etapa-Pedagogica.png&#8221; _builder_version=&#8221;3.21.1&#8243;][\/et_pb_image][et_pb_text _builder_version=&#8221;3.21.1&#8243;]<\/p>\n<p style=\"text-align: justify;\"><span style=\"color: #000000;\"><strong>Formaci\u00f3n Pedag\u00f3gica:<\/strong> Que el joven tenga las herramientas de liderazgo para realizar una misi\u00f3n m\u00e1s efectiva en el mundo, desde la Iglesia o desde alguna otra instancia a nivel social y cultural.<\/span><\/p>\n<p>[\/et_pb_text][\/et_pb_column][et_pb_column type=&#8221;1_3&#8243; _builder_version=&#8221;3.21.1&#8243;][et_pb_image src=&#8221;https:\/\/parroquiabelen.org\/wp-content\/uploads\/2022\/03\/Banner-etapa-Liturgica.png&#8221; _builder_version=&#8221;3.21.1&#8243;][\/et_pb_image][et_pb_text _builder_version=&#8221;3.21.1&#8243;]<\/p>\n<p style=\"text-align: justify;\"><span style=\"color: #000000;\"><strong>Formaci\u00f3n Lit\u00fargica:<\/strong> Que el joven viva los momentos lit\u00fargicos de Cuaresma, Pacua, Adviento y Navidad.<\/span><\/p>\n<p>[\/et_pb_text][\/et_pb_column][et_pb_column type=&#8221;1_3&#8243; _builder_version=&#8221;3.21.1&#8243;][et_pb_image src=&#8221;https:\/\/parroquiabelen.org\/wp-content\/uploads\/2022\/03\/Banner-etapa-Josefina.png&#8221; _builder_version=&#8221;3.21.1&#8243;][\/et_pb_image][et_pb_text _builder_version=&#8221;3.21.1&#8243;]<\/p>\n<p style=\"text-align: justify;\"><span style=\"color: #000000;\"><strong>Formaci\u00f3n Josefina:<\/strong> Que el joven se identifique y viva de acuerdo a las Virtudes y Principios de nuestra espiritualidad Josefina Vilasecana.<\/span><\/p>\n<p>[\/et_pb_text][\/et_pb_column][\/et_pb_row][et_pb_row custom_padding=&#8221;93px|0px|27px|0px|false|false&#8221; _builder_version=&#8221;3.21.1&#8243;][et_pb_column type=&#8221;1_4&#8243; _builder_version=&#8221;3.21.1&#8243;][et_pb_image src=&#8221;https:\/\/parroquiabelen.org\/wp-content\/uploads\/2019\/05\/banner-cabeceras-pastorales-prejuvenil.png&#8221; url=&#8221;https:\/\/parroquiabelen.org\/index.php\/prejuvenil\/&#8221; _builder_version=&#8221;3.21.1&#8243;][\/et_pb_image][\/et_pb_column][et_pb_column type=&#8221;1_4&#8243; _builder_version=&#8221;3.21.1&#8243;][et_pb_image src=&#8221;https:\/\/parroquiabelen.org\/wp-content\/uploads\/2019\/05\/banner-cabeceras-pastorales-de-ni\u00f1os.png&#8221; url=&#8221;https:\/\/parroquiabelen.org\/index.php\/pastoral-de-ninos\/?et_fb=1&#038;PageSpeed=off&#8221; _builder_version=&#8221;3.21.1&#8243;][\/et_pb_image][\/et_pb_column][et_pb_column type=&#8221;1_4&#8243; _builder_version=&#8221;3.21.1&#8243;][et_pb_image src=&#8221;https:\/\/parroquiabelen.org\/wp-content\/uploads\/2019\/05\/banner-cabeceras-pastorales-familiar.png&#8221; url=&#8221;https:\/\/parroquiabelen.org\/index.php\/pastoral-familiar\/&#8221; _builder_version=&#8221;3.21.1&#8243;][\/et_pb_image][\/et_pb_column][et_pb_column type=&#8221;1_4&#8243; _builder_version=&#8221;3.21.1&#8243;][et_pb_image src=&#8221;https:\/\/parroquiabelen.org\/wp-content\/uploads\/2019\/05\/banner-cabeceras-pastorales-catequesis-basica.png&#8221; url=&#8221;https:\/\/parroquiabelen.org\/index.php\/catequesis-basica\/&#8221; _builder_version=&#8221;3.21.1&#8243;][\/et_pb_image][\/et_pb_column][\/et_pb_row][\/et_pb_section]<\/p>\n","protected":false},"excerpt":{"rendered":"<p>[et_pb_section fb_built=&#8221;1&#8243; fullwidth=&#8221;on&#8221; _builder_version=&#8221;3.21.1&#8243;][et_pb_fullwidth_image src=&#8221;https:\/\/parroquiabelen.org\/wp-content\/uploads\/2019\/05\/banner-cabeceras-pastorales-Juvenil.png&#8221; _builder_version=&#8221;3.21.1&#8243;][\/et_pb_fullwidth_image][\/et_pb_section][et_pb_section fb_built=&#8221;1&#8243; _builder_version=&#8221;3.21.1&#8243; custom_padding=&#8221;30px|0|54px|0px|false|false&#8221;][et_pb_row _builder_version=&#8221;3.21.1&#8243;][et_pb_column type=&#8221;2_5&#8243; _builder_version=&#8221;3.21.1&#8243;][et_pb_image src=&#8221;https:\/\/parroquiabelen.org\/wp-content\/uploads\/2019\/05\/Logo-pj-.png&#8221; _builder_version=&#8221;3.21.1&#8243;][\/et_pb_image][et_pb_social_media_follow _builder_version=&#8221;3.21.1&#8243;][et_pb_social_media_follow_network social_network=&#8221;facebook&#8221; url=&#8221;https:\/\/www.facebook.com\/JuventudJosefinaVilasecana\/&#8221; _builder_version=&#8221;3.21.1&#8243; background_color=&#8221;#3b5998&#8243; follow_button=&#8221;off&#8221; url_new_window=&#8221;on&#8221;]facebook[\/et_pb_social_media_follow_network][et_pb_social_media_follow_network social_network=&#8221;instagram&#8221; url=&#8221;https:\/\/www.instagram.com\/juventud_josefina_vilasecana\/&#8221; _builder_version=&#8221;3.21.1&#8243; background_color=&#8221;#ea2c59&#8243; follow_button=&#8221;off&#8221; url_new_window=&#8221;on&#8221;]instagram[\/et_pb_social_media_follow_network][et_pb_social_media_follow_network social_network=&#8221;youtube&#8221; url=&#8221;https:\/\/www.youtube.com\/channel\/UCyZa-0erm6mu87sTdcbQ7MA&#8221; _builder_version=&#8221;3.21.1&#8243; background_color=&#8221;#a82400&#8243; follow_button=&#8221;off&#8221; url_new_window=&#8221;on&#8221;]youtube[\/et_pb_social_media_follow_network][\/et_pb_social_media_follow][\/et_pb_column][et_pb_column type=&#8221;3_5&#8243; _builder_version=&#8221;3.21.1&#8243;][et_pb_text _builder_version=&#8221;3.21.1&#8243;] La Pastoral Juvenil se define como la acci\u00f3n organizada de la Iglesia para acompa\u00f1ar a los j\u00f3venes a descubrir, [&hellip;]<\/p>\n","protected":false},"author":1,"featured_media":0,"parent":0,"menu_order":0,"comment_status":"closed","ping_status":"closed","template":"","meta":{"_et_pb_use_builder":"on","_et_pb_old_content":""},"_links":{"self":[{"href":"https:\/\/parroquiabelen.org\/index.php\/wp-json\/wp\/v2\/pages\/515"}],"collection":[{"href":"https:\/\/parroquiabelen.org\/index.php\/wp-json\/wp\/v2\/pages"}],"about":[{"href":"https:\/\/parroquiabelen.org\/index.php\/wp-json\/wp\/v2\/types\/page"}],"author":[{"embeddable":true,"href":"https:\/\/parroquiabelen.org\/index.php\/wp-json\/wp\/v2\/users\/1"}],"replies":[{"embeddable":true,"href":"https:\/\/parroquiabelen.org\/index.php\/wp-json\/wp\/v2\/comments?post=515"}],"version-history":[{"count":13,"href":"https:\/\/parroquiabelen.org\/index.php\/wp-json\/wp\/v2\/pages\/515\/revisions"}],"predecessor-version":[{"id":1698,"href":"https:\/\/parroquiabelen.org\/index.php\/wp-json\/wp\/v2\/pages\/515\/revisions\/1698"}],"wp:attachment":[{"href":"https:\/\/parroquiabelen.org\/index.php\/wp-json\/wp\/v2\/media?parent=515"}],"curies":[{"name":"wp","href":"https:\/\/api.w.org\/{rel}","templated":true}]}}