{"id":513,"date":"2019-03-23T21:31:34","date_gmt":"2019-03-23T21:31:34","guid":{"rendered":"http:\/\/parroquiabelen.org\/?page_id=513"},"modified":"2019-05-15T04:28:55","modified_gmt":"2019-05-15T04:28:55","slug":"prejuvenil","status":"publish","type":"page","link":"https:\/\/parroquiabelen.org\/index.php\/prejuvenil\/","title":{"rendered":"Prejuvenil"},"content":{"rendered":"<p>[et_pb_section fb_built=&#8221;1&#8243; fullwidth=&#8221;on&#8221; _builder_version=&#8221;3.21.1&#8243;][et_pb_fullwidth_image src=&#8221;https:\/\/parroquiabelen.org\/wp-content\/uploads\/2019\/05\/banner-cabeceras-pastorales-prejuvenil.png&#8221; _builder_version=&#8221;3.21.1&#8243;][\/et_pb_fullwidth_image][\/et_pb_section][et_pb_section fb_built=&#8221;1&#8243; _builder_version=&#8221;3.21.1&#8243; custom_padding=&#8221;30px|0px|54px|0px|false|false&#8221;][et_pb_row _builder_version=&#8221;3.21.1&#8243;][et_pb_column type=&#8221;2_5&#8243; _builder_version=&#8221;3.21.1&#8243;][et_pb_text _builder_version=&#8221;3.21.1&#8243;]<\/p>\n<h4><strong><span style=\"color: #000000;\">OBJETIVO GENERAL<\/span><\/strong><\/h4>\n<p style=\"text-align: justify;\"><span style=\"color: #000000;\">Anunciar el nombre, la doctrina, la vida, las promesas, el Reino, el misterio de Jes\u00fas de Nazareth, Hijo de Dios, en un lenguaje juvenil y que los j\u00f3venes adolescentes se adhieran a este mensaje.<\/span><\/p>\n<p>[\/et_pb_text][et_pb_text _builder_version=&#8221;3.21.1&#8243;]<\/p>\n<h4><span style=\"color: #000000;\"><strong>OBJETIVOS ESPECIFICOS<\/strong><\/span><\/h4>\n<p style=\"text-align: justify;\"><span style=\"color: #000000;\">\u2022 Fortalecer en la fe a los j\u00f3venes adolescentes a trav\u00e9s deuna catequesis din\u00e1mica, sistem\u00e1tica y atrayente.<\/span><br \/><span style=\"color: #000000;\">\u2022 Instruir a los adolescentes en el amor y el sexo de acuerdo a la moral Cat\u00f3lica para que siendo conscientes de su sexualidad, valoren la dignidad del noviazgo y del matrimonio.<\/span><br \/><span style=\"color: #000000;\">\u2022 Establecer proyectos de Formaci\u00f3n Humana, para que a futuro y de acuerdo a un proyecto de vida, sean conscientes de su vocaci\u00f3n.<\/span><br \/><span style=\"color: #000000;\">\u2022 Crear proyectos de sensibilizaci\u00f3n humana que ayuden a los jovenes en riesgo a ser parte activa de la sociedad.<\/span><br \/><span style=\"color: #000000;\">\u2022 Promover en la Pastoral Prejuvenil un proyecto estructurado con ministerios afines que ayuden a los adolescentes en su rehabilitaci\u00f3n.<\/span><\/p>\n<p>[\/et_pb_text][\/et_pb_column][et_pb_column type=&#8221;3_5&#8243; _builder_version=&#8221;3.21.1&#8243;][et_pb_image src=&#8221;https:\/\/parroquiabelen.org\/wp-content\/uploads\/2019\/05\/18195125_1774150122898653_5546871135147701732_n.png&#8221; _builder_version=&#8221;3.21.1&#8243;][\/et_pb_image][et_pb_text _builder_version=&#8221;3.21.1&#8243;]<\/p>\n<h4><span style=\"color: #000000;\"><strong>MISION<\/strong><\/span><\/h4>\n<p><span style=\"color: #000000;\">Llevar la Buena Nueva a los j\u00f3venes adolescentes y transformar desde dentro a la juventud.<\/span><\/p>\n<h4><span style=\"color: #000000;\"><strong>VISION<\/strong><\/span><br \/><span style=\"color: #000000;\"><\/span><\/h4>\n<p><span style=\"color: #000000;\">Tener una juventud renovada y comprometida en el servicio hacia Dios.<\/span><\/p>\n<p>[\/et_pb_text][\/et_pb_column][\/et_pb_row][et_pb_row custom_padding=&#8221;66px|0px|27px|0px|false|false&#8221; _builder_version=&#8221;3.21.1&#8243;][et_pb_column type=&#8221;1_4&#8243; _builder_version=&#8221;3.21.1&#8243;][et_pb_image src=&#8221;https:\/\/parroquiabelen.org\/wp-content\/uploads\/2019\/05\/banner-cabeceras-pastorales-de-ni\u00f1os.png&#8221; url=&#8221;https:\/\/parroquiabelen.org\/index.php\/pastoral-de-ninos\/?et_fb=1&#038;PageSpeed=off&#8221; _builder_version=&#8221;3.21.1&#8243;][\/et_pb_image][\/et_pb_column][et_pb_column type=&#8221;1_4&#8243; _builder_version=&#8221;3.21.1&#8243;][et_pb_image src=&#8221;https:\/\/parroquiabelen.org\/wp-content\/uploads\/2019\/05\/banner-cabeceras-pastorales-Juvenil.png&#8221; url=&#8221;https:\/\/parroquiabelen.org\/index.php\/pastoral-juvenil\/&#8221; _builder_version=&#8221;3.21.1&#8243;][\/et_pb_image][\/et_pb_column][et_pb_column type=&#8221;1_4&#8243; _builder_version=&#8221;3.21.1&#8243;][et_pb_image src=&#8221;https:\/\/parroquiabelen.org\/wp-content\/uploads\/2019\/05\/banner-cabeceras-pastorales-familiar.png&#8221; url=&#8221;https:\/\/parroquiabelen.org\/index.php\/pastoral-familiar\/&#8221; _builder_version=&#8221;3.21.1&#8243;][\/et_pb_image][\/et_pb_column][et_pb_column type=&#8221;1_4&#8243; _builder_version=&#8221;3.21.1&#8243;][et_pb_image src=&#8221;https:\/\/parroquiabelen.org\/wp-content\/uploads\/2019\/05\/banner-cabeceras-pastorales-catequesis-basica.png&#8221; url=&#8221;https:\/\/parroquiabelen.org\/index.php\/catequesis-basica\/&#8221; _builder_version=&#8221;3.21.1&#8243;][\/et_pb_image][\/et_pb_column][\/et_pb_row][\/et_pb_section]<\/p>\n","protected":false},"excerpt":{"rendered":"<p>[et_pb_section fb_built=&#8221;1&#8243; fullwidth=&#8221;on&#8221; _builder_version=&#8221;3.21.1&#8243;][et_pb_fullwidth_image src=&#8221;https:\/\/parroquiabelen.org\/wp-content\/uploads\/2019\/05\/banner-cabeceras-pastorales-prejuvenil.png&#8221; _builder_version=&#8221;3.21.1&#8243;][\/et_pb_fullwidth_image][\/et_pb_section][et_pb_section fb_built=&#8221;1&#8243; _builder_version=&#8221;3.21.1&#8243; custom_padding=&#8221;30px|0px|54px|0px|false|false&#8221;][et_pb_row _builder_version=&#8221;3.21.1&#8243;][et_pb_column type=&#8221;2_5&#8243; _builder_version=&#8221;3.21.1&#8243;][et_pb_text _builder_version=&#8221;3.21.1&#8243;] OBJETIVO GENERAL Anunciar el nombre, la doctrina, la vida, las promesas, el Reino, el misterio de Jes\u00fas de Nazareth, Hijo de Dios, en un lenguaje juvenil y que los j\u00f3venes adolescentes se adhieran a este mensaje. [\/et_pb_text][et_pb_text _builder_version=&#8221;3.21.1&#8243;] OBJETIVOS ESPECIFICOS \u2022 Fortalecer [&hellip;]<\/p>\n","protected":false},"author":1,"featured_media":0,"parent":0,"menu_order":0,"comment_status":"closed","ping_status":"closed","template":"","meta":{"_et_pb_use_builder":"on","_et_pb_old_content":""},"_links":{"self":[{"href":"https:\/\/parroquiabelen.org\/index.php\/wp-json\/wp\/v2\/pages\/513"}],"collection":[{"href":"https:\/\/parroquiabelen.org\/index.php\/wp-json\/wp\/v2\/pages"}],"about":[{"href":"https:\/\/parroquiabelen.org\/index.php\/wp-json\/wp\/v2\/types\/page"}],"author":[{"embeddable":true,"href":"https:\/\/parroquiabelen.org\/index.php\/wp-json\/wp\/v2\/users\/1"}],"replies":[{"embeddable":true,"href":"https:\/\/parroquiabelen.org\/index.php\/wp-json\/wp\/v2\/comments?post=513"}],"version-history":[{"count":8,"href":"https:\/\/parroquiabelen.org\/index.php\/wp-json\/wp\/v2\/pages\/513\/revisions"}],"predecessor-version":[{"id":1063,"href":"https:\/\/parroquiabelen.org\/index.php\/wp-json\/wp\/v2\/pages\/513\/revisions\/1063"}],"wp:attachment":[{"href":"https:\/\/parroquiabelen.org\/index.php\/wp-json\/wp\/v2\/media?parent=513"}],"curies":[{"name":"wp","href":"https:\/\/api.w.org\/{rel}","templated":true}]}}