{"id":482,"date":"2019-03-23T04:11:29","date_gmt":"2019-03-23T04:11:29","guid":{"rendered":"http:\/\/parroquiabelen.org\/?page_id=482"},"modified":"2019-05-15T04:23:29","modified_gmt":"2019-05-15T04:23:29","slug":"pastoral-de-comunidades","status":"publish","type":"page","link":"https:\/\/parroquiabelen.org\/index.php\/pastoral-de-comunidades\/","title":{"rendered":"Pastoral de Comunidades"},"content":{"rendered":"<p>[et_pb_section fb_built=&#8221;1&#8243; fullwidth=&#8221;on&#8221; _builder_version=&#8221;3.21.1&#8243;][et_pb_fullwidth_image src=&#8221;https:\/\/parroquiabelen.org\/wp-content\/uploads\/2019\/05\/banner-cabeceras-pastoral-comunidades.png&#8221; _builder_version=&#8221;3.21.1&#8243;][\/et_pb_fullwidth_image][\/et_pb_section][et_pb_section fb_built=&#8221;1&#8243; admin_label=&#8221;Mission&#8221; _builder_version=&#8221;3.17.1&#8243; background_image=&#8221;https:\/\/parroquiabelen.org\/wp-content\/uploads\/2018\/10\/church-03.jpg&#8221; background_size=&#8221;initial&#8221; background_position=&#8221;top_center&#8221; custom_padding=&#8221;10px|0px|54px|0px|false|false&#8221; gutter_width__hover=&#8221;3&#8243; gutter_width__hover_enabled=&#8221;3&#8243; parallax_1__hover=&#8221;off&#8221; parallax_1__hover_enabled=&#8221;off&#8221; parallax_2__hover=&#8221;off&#8221; parallax_2__hover_enabled=&#8221;off&#8221; parallax_3__hover=&#8221;off&#8221; parallax_3__hover_enabled=&#8221;off&#8221; parallax_method_1__hover=&#8221;on&#8221; parallax_method_1__hover_enabled=&#8221;on&#8221; parallax_method_2__hover=&#8221;on&#8221; parallax_method_2__hover_enabled=&#8221;on&#8221; parallax_method_3__hover=&#8221;on&#8221; parallax_method_3__hover_enabled=&#8221;on&#8221; use_background_color_gradient__hover=&#8221;off&#8221; use_background_color_gradient__hover_enabled=&#8221;off&#8221; background_color_gradient_start__hover=&#8221;#2b87da&#8221; background_color_gradient_start__hover_enabled=&#8221;#2b87da&#8221; background_color_gradient_end__hover=&#8221;#29c4a9&#8243; background_color_gradient_end__hover_enabled=&#8221;#29c4a9&#8243; background_color_gradient_type__hover=&#8221;linear&#8221; background_color_gradient_type__hover_enabled=&#8221;linear&#8221; background_color_gradient_direction__hover=&#8221;180deg&#8221; background_color_gradient_direction__hover_enabled=&#8221;180deg&#8221; background_color_gradient_direction_radial__hover=&#8221;center&#8221; background_color_gradient_direction_radial__hover_enabled=&#8221;center&#8221; background_color_gradient_start_position__hover=&#8221;0%&#8221; background_color_gradient_start_position__hover_enabled=&#8221;0%&#8221; background_color_gradient_end_position__hover=&#8221;100%&#8221; background_color_gradient_end_position__hover_enabled=&#8221;100%&#8221; background_color_gradient_overlays_image__hover=&#8221;off&#8221; background_color_gradient_overlays_image__hover_enabled=&#8221;off&#8221; parallax__hover=&#8221;off&#8221; parallax__hover_enabled=&#8221;off&#8221; parallax_method__hover=&#8221;on&#8221; parallax_method__hover_enabled=&#8221;on&#8221; background_size__hover=&#8221;cover&#8221; background_size__hover_enabled=&#8221;cover&#8221; background_position__hover=&#8221;center&#8221; background_position__hover_enabled=&#8221;center&#8221; background_repeat__hover=&#8221;no-repeat&#8221; background_repeat__hover_enabled=&#8221;no-repeat&#8221; background_blend__hover=&#8221;normal&#8221; background_blend__hover_enabled=&#8221;normal&#8221; allow_player_pause__hover=&#8221;off&#8221; allow_player_pause__hover_enabled=&#8221;off&#8221; background_video_pause_outside_viewport__hover=&#8221;on&#8221; background_video_pause_outside_viewport__hover_enabled=&#8221;on&#8221; inner_shadow__hover=&#8221;off&#8221; inner_shadow__hover_enabled=&#8221;off&#8221; make_fullwidth__hover=&#8221;off&#8221; make_fullwidth__hover_enabled=&#8221;off&#8221; use_custom_width__hover=&#8221;off&#8221; use_custom_width__hover_enabled=&#8221;off&#8221; width_unit__hover=&#8221;on&#8221; width_unit__hover_enabled=&#8221;on&#8221; custom_width_px__hover=&#8221;1080px&#8221; custom_width_px__hover_enabled=&#8221;1080px&#8221; custom_width_percent__hover=&#8221;80%&#8221; custom_width_percent__hover_enabled=&#8221;80%&#8221; make_equal__hover=&#8221;off&#8221; make_equal__hover_enabled=&#8221;off&#8221; use_custom_gutter__hover=&#8221;off&#8221; use_custom_gutter__hover_enabled=&#8221;off&#8221; border_radii__hover=&#8221;on||||&#8221; border_radii__hover_enabled=&#8221;on||||&#8221; box_shadow_style__hover=&#8221;none&#8221; box_shadow_style__hover_enabled=&#8221;none&#8221; box_shadow_color__hover=&#8221;rgba(0,0,0,0.3)&#8221; box_shadow_color__hover_enabled=&#8221;rgba(0,0,0,0.3)&#8221; max_width__hover=&#8221;100%&#8221; max_width__hover_enabled=&#8221;100%&#8221; filter_hue_rotate__hover=&#8221;0deg&#8221; filter_hue_rotate__hover_enabled=&#8221;0deg&#8221; filter_saturate__hover=&#8221;100%&#8221; filter_saturate__hover_enabled=&#8221;100%&#8221; filter_brightness__hover=&#8221;100%&#8221; filter_brightness__hover_enabled=&#8221;100%&#8221; filter_contrast__hover=&#8221;100%&#8221; filter_contrast__hover_enabled=&#8221;100%&#8221; filter_invert__hover=&#8221;0%&#8221; filter_invert__hover_enabled=&#8221;0%&#8221; filter_sepia__hover=&#8221;0%&#8221; filter_sepia__hover_enabled=&#8221;0%&#8221; filter_opacity__hover=&#8221;100%&#8221; filter_opacity__hover_enabled=&#8221;100%&#8221; filter_blur__hover=&#8221;0px&#8221; filter_blur__hover_enabled=&#8221;0px&#8221; mix_blend_mode__hover=&#8221;normal&#8221; mix_blend_mode__hover_enabled=&#8221;normal&#8221; animation_style__hover=&#8221;none&#8221; animation_style__hover_enabled=&#8221;none&#8221; animation_repeat__hover=&#8221;once&#8221; animation_repeat__hover_enabled=&#8221;once&#8221; animation_direction__hover=&#8221;center&#8221; animation_direction__hover_enabled=&#8221;center&#8221; animation_duration__hover=&#8221;1000ms&#8221; animation_duration__hover_enabled=&#8221;1000ms&#8221; animation_delay__hover=&#8221;0ms&#8221; animation_delay__hover_enabled=&#8221;0ms&#8221; animation_intensity_slide__hover=&#8221;50%&#8221; animation_intensity_slide__hover_enabled=&#8221;50%&#8221; animation_intensity_zoom__hover=&#8221;50%&#8221; animation_intensity_zoom__hover_enabled=&#8221;50%&#8221; animation_intensity_flip__hover=&#8221;50%&#8221; animation_intensity_flip__hover_enabled=&#8221;50%&#8221; animation_intensity_fold__hover=&#8221;50%&#8221; animation_intensity_fold__hover_enabled=&#8221;50%&#8221; animation_intensity_roll__hover=&#8221;50%&#8221; animation_intensity_roll__hover_enabled=&#8221;50%&#8221; animation_starting_opacity__hover=&#8221;0%&#8221; animation_starting_opacity__hover_enabled=&#8221;0%&#8221; animation_speed_curve__hover=&#8221;ease-in-out&#8221; animation_speed_curve__hover_enabled=&#8221;ease-in-out&#8221; hover_transition_duration__hover=&#8221;300ms&#8221; hover_transition_duration__hover_enabled=&#8221;300ms&#8221; hover_transition_delay__hover=&#8221;0ms&#8221; hover_transition_delay__hover_enabled=&#8221;0ms&#8221; hover_transition_speed_curve__hover=&#8221;ease&#8221; hover_transition_speed_curve__hover_enabled=&#8221;ease&#8221;][et_pb_row custom_padding=&#8221;27px|124px|27px|125px|false|false&#8221; _builder_version=&#8221;3.17.1&#8243;][et_pb_column type=&#8221;1_3&#8243; _builder_version=&#8221;3.17.1&#8243;][et_pb_text _builder_version=&#8221;3.17.1&#8243;]<\/p>\n<h3><strong>JUSTIFICACI\u00d3N<\/strong><\/h3>\n<p>1.- Hechos 2, 42-47 nos define la peque\u00f1a comunidad: Asidua a la Oraci\u00f3n, a la ense\u00f1anza, a la convivencia, a la fracci\u00f3n del pan.<\/p>\n<p>2.- Hechos 4, 32-35, este es el resultado de la vivencia anterior, eran solidarios en todo y no hab\u00eda entre ellos ning\u00fan necesitado.<\/p>\n<p>[\/et_pb_text][\/et_pb_column][et_pb_column type=&#8221;1_3&#8243; _builder_version=&#8221;3.17.1&#8243;][et_pb_text _builder_version=&#8221;3.17.1&#8243;]<\/p>\n<h3><strong>OBJETIVO<\/strong><\/h3>\n<p>La vocaci\u00f3n universal de la comunidad y la meta general es el ser SANTO + HERMANOS + AP\u00d3STOLES, en una iglesia nueva para un mundo nuevo con una cultura cristiana.<\/p>\n<p>[\/et_pb_text][\/et_pb_column][et_pb_column type=&#8221;1_3&#8243; _builder_version=&#8221;3.17.1&#8243;][et_pb_text _builder_version=&#8221;3.17.1&#8243;]<\/p>\n<h3><strong>OBJETIVOS ESPEC\u00cdFICOS<\/strong><\/h3>\n<p>Esta es la misi\u00f3n y funci\u00f3n de la pastoral de Comunidades, lograr que en ellas hayan hombres nuevos, para un mundo nuevo. Para que esto sea una realidad, debe velar porque las peque\u00f1as comunidades sean fraternales, de personas convertidas, centradas en Cristo, llenas del Esp\u00edritu Santo, que se sientan responsables unos de otros, que se edifiquen mutuamente y que comparten los que son y lo que tienen .<\/p>\n<p>[\/et_pb_text][\/et_pb_column][\/et_pb_row][et_pb_row custom_padding=&#8221;27px|164px|27px|164px|false|true&#8221; _builder_version=&#8221;3.17.1&#8243;][et_pb_column type=&#8221;4_4&#8243; _builder_version=&#8221;3.17.1&#8243;][et_pb_text _builder_version=&#8221;3.17.1&#8243;]<\/p>\n<p>&nbsp;<\/p>\n<h3><span style=\"color: #000000;\"><strong>FINALIDAD<\/strong><\/span><\/h3>\n<p><span style=\"font-size: 14px; color: #000000;\">&#8211;\u00a0 Acompa\u00f1a a cada coordinador y sucoordinador para el buen funcionamiento de su ministerio.<\/span><\/p>\n<p><span style=\"color: #000000;\">&#8211;\u00a0 Acompa\u00f1a a cada coordinador y sucoordinador para el buen funcionamiento de su ministerio.<\/span><\/p>\n<p><span style=\"color: #000000;\">&#8211;\u00a0 Acompa\u00f1a el buen caminar de las comunidades, VELANDO por que se vivan los elementos. oraci\u00f3n de alabanza, profundizaci\u00f3n de la catequesis, afiliaci\u00f3n espiritual, solidaridad social, oraci\u00f3n de intercesi\u00f3n.<\/span><\/p>\n<p><span style=\"color: #000000;\">&#8211;\u00a0 Cuida que todo lo anterior se cumpla con la mismas personas en su reuni\u00f3n semanal, a la misma hora y en la misma casa.-\u00a0 Lleva un censo al d\u00eda del numero de comunidades y de sus miembros dando informaci\u00f3n a cada a\u00f1o al p\u00e1rroco y equipo primario.<\/span><\/p>\n<p><span style=\"color: #000000;\">&#8211;\u00a0 Organiza retiros de seguimiento para todos los miembros de comunidades en com\u00fan acuerdo con el encargado de sector.- Organiza asambleas de coordinadores a cada mes.<\/span><\/p>\n<p><span style=\"color: #000000;\">&#8211; El ministerio de comunidades (equipo) deber\u00e1 llevar un visiteo PERMANENTE\u00a0 a las comunidades del sector.-\u00a0 Capacita a los coordinadores externos para las peque\u00f1as comunidades reci\u00e9n formadas.<\/span><\/p>\n<p><span style=\"color: #000000;\">&#8211;\u00a0 \u00a0Capacita a los futuros coordinadores, a solicitud de los encargados de sector y p\u00e1rroco.<\/span><\/p>\n<p><span style=\"color: #000000;\">&#8211; La Pastoral de comunidades (equipo) deber\u00e1 llevar la asistencia de los coordinadores y subcoordinadores los d\u00edas de reuni\u00f3n: * Lunes catequesis permanente<\/span><\/p>\n<p><span style=\"color: #000000;\">* Reuni\u00f3n de pastoral de comunidades de cada sector seg\u00fan d\u00eda establecido<\/span><\/p>\n<p><span style=\"color: #000000;\">&#8211; La Pastoral de comunidades (equipo) deber\u00e1 presentar siempre un informe de asistencia a los encargados de sector.<\/span><\/p>\n<p>[\/et_pb_text][\/et_pb_column][\/et_pb_row][et_pb_row _builder_version=&#8221;3.21.1&#8243;][et_pb_column type=&#8221;4_4&#8243; _builder_version=&#8221;3.21.1&#8243;][et_pb_text _builder_version=&#8221;3.21.1&#8243; background_color=&#8221;rgba(42,197,214,0.87)&#8221;]<\/p>\n<h3 style=\"text-align: center;\"><strong><\/strong><\/h3>\n<h3 style=\"text-align: center;\"><strong><\/strong><\/h3>\n<h2 style=\"text-align: center;\"><strong>No de COMUNIDADES POR SECTOR<\/strong><span><\/span><\/h2>\n<h5 style=\"text-align: center;\"><span><\/span><\/h5>\n<h4 style=\"text-align: center;\"><span><\/span><\/h4>\n<h4 style=\"text-align: center;\"><span>Sector 1:\u00a0 \u00a0 \u00a020 comunidades<\/span><\/h4>\n<h4 style=\"text-align: center;\"><span>Sector 2:\u00a0 \u00a0 \u00a040 comunidades<\/span><\/h4>\n<h4 style=\"text-align: center;\"><span>Sector 3:\u00a0 \u00a0 \u00a030 comunidades<\/span><\/h4>\n<h4 style=\"text-align: center;\"><span>Sector 4:\u00a0 \u00a0 \u00a024 comunidades<\/span><\/h4>\n<h4 style=\"text-align: center;\"><span>Sector 5:\u00a0 \u00a0 \u00a032 comunidades<\/span><\/h4>\n<h4 style=\"text-align: center;\"><span>Sector 6:\u00a0 \u00a0 \u00a036 comunidades<\/span><\/h4>\n<h4 style=\"text-align: center;\"><span>Sector 7:\u00a0 \u00a0 \u00a012 comunidades<\/span><\/h4>\n<p><span><\/span><\/p>\n<p><span><\/span><\/p>\n<p>[\/et_pb_text][\/et_pb_column][\/et_pb_row][et_pb_row _builder_version=&#8221;3.21.1&#8243;][et_pb_column type=&#8221;1_4&#8243; _builder_version=&#8221;3.21.1&#8243;][et_pb_image src=&#8221;https:\/\/parroquiabelen.org\/wp-content\/uploads\/2019\/04\/Banner-pastorales-misi\u00f3n.png&#8221; url=&#8221;https:\/\/parroquiabelen.org\/index.php\/pastorales\/pastoral-de-mision\/?et_fb=1&#038;PageSpeed=off&#8221; _builder_version=&#8221;3.21.1&#8243;][\/et_pb_image][\/et_pb_column][et_pb_column type=&#8221;1_4&#8243; _builder_version=&#8221;3.21.1&#8243;][et_pb_image src=&#8221;https:\/\/parroquiabelen.org\/wp-content\/uploads\/2019\/05\/Banner-pastorales-Cat-Permanente.png&#8221; url=&#8221;https:\/\/parroquiabelen.org\/index.php\/catequesis-permanente\/&#8221; _builder_version=&#8221;3.21.1&#8243;][\/et_pb_image][\/et_pb_column][et_pb_column type=&#8221;1_4&#8243; _builder_version=&#8221;3.21.1&#8243;][et_pb_image src=&#8221;https:\/\/parroquiabelen.org\/wp-content\/uploads\/2019\/05\/Banner-pastorales-josefina.png&#8221; url=&#8221;https:\/\/parroquiabelen.org\/index.php\/josefinos\/?et_fb=1&#038;PageSpeed=off&#8221; _builder_version=&#8221;3.21.1&#8243;][\/et_pb_image][\/et_pb_column][et_pb_column type=&#8221;1_4&#8243; _builder_version=&#8221;3.21.1&#8243;][et_pb_image src=&#8221;https:\/\/parroquiabelen.org\/wp-content\/uploads\/2019\/05\/Banner-pastorales-Crecimiento.png&#8221; url=&#8221;https:\/\/parroquiabelen.org\/index.php\/crecimiento-espiritual\/&#8221; _builder_version=&#8221;3.21.1&#8243;][\/et_pb_image][\/et_pb_column][\/et_pb_row][\/et_pb_section]<\/p>\n","protected":false},"excerpt":{"rendered":"<p>[et_pb_section fb_built=&#8221;1&#8243; fullwidth=&#8221;on&#8221; _builder_version=&#8221;3.21.1&#8243;][et_pb_fullwidth_image src=&#8221;https:\/\/parroquiabelen.org\/wp-content\/uploads\/2019\/05\/banner-cabeceras-pastoral-comunidades.png&#8221; _builder_version=&#8221;3.21.1&#8243;][\/et_pb_fullwidth_image][\/et_pb_section][et_pb_section fb_built=&#8221;1&#8243; admin_label=&#8221;Mission&#8221; _builder_version=&#8221;3.17.1&#8243; background_image=&#8221;https:\/\/parroquiabelen.org\/wp-content\/uploads\/2018\/10\/church-03.jpg&#8221; background_size=&#8221;initial&#8221; background_position=&#8221;top_center&#8221; custom_padding=&#8221;10px|0px|54px|0px|false|false&#8221; gutter_width__hover=&#8221;3&#8243; gutter_width__hover_enabled=&#8221;3&#8243; parallax_1__hover=&#8221;off&#8221; parallax_1__hover_enabled=&#8221;off&#8221; parallax_2__hover=&#8221;off&#8221; parallax_2__hover_enabled=&#8221;off&#8221; parallax_3__hover=&#8221;off&#8221; parallax_3__hover_enabled=&#8221;off&#8221; parallax_method_1__hover=&#8221;on&#8221; parallax_method_1__hover_enabled=&#8221;on&#8221; parallax_method_2__hover=&#8221;on&#8221; parallax_method_2__hover_enabled=&#8221;on&#8221; parallax_method_3__hover=&#8221;on&#8221; parallax_method_3__hover_enabled=&#8221;on&#8221; use_background_color_gradient__hover=&#8221;off&#8221; use_background_color_gradient__hover_enabled=&#8221;off&#8221; background_color_gradient_start__hover=&#8221;#2b87da&#8221; background_color_gradient_start__hover_enabled=&#8221;#2b87da&#8221; background_color_gradient_end__hover=&#8221;#29c4a9&#8243; background_color_gradient_end__hover_enabled=&#8221;#29c4a9&#8243; background_color_gradient_type__hover=&#8221;linear&#8221; background_color_gradient_type__hover_enabled=&#8221;linear&#8221; background_color_gradient_direction__hover=&#8221;180deg&#8221; background_color_gradient_direction__hover_enabled=&#8221;180deg&#8221; background_color_gradient_direction_radial__hover=&#8221;center&#8221; background_color_gradient_direction_radial__hover_enabled=&#8221;center&#8221; background_color_gradient_start_position__hover=&#8221;0%&#8221; background_color_gradient_start_position__hover_enabled=&#8221;0%&#8221; background_color_gradient_end_position__hover=&#8221;100%&#8221; background_color_gradient_end_position__hover_enabled=&#8221;100%&#8221; background_color_gradient_overlays_image__hover=&#8221;off&#8221; background_color_gradient_overlays_image__hover_enabled=&#8221;off&#8221; parallax__hover=&#8221;off&#8221; parallax__hover_enabled=&#8221;off&#8221; parallax_method__hover=&#8221;on&#8221; parallax_method__hover_enabled=&#8221;on&#8221; background_size__hover=&#8221;cover&#8221; background_size__hover_enabled=&#8221;cover&#8221; background_position__hover=&#8221;center&#8221; background_position__hover_enabled=&#8221;center&#8221; background_repeat__hover=&#8221;no-repeat&#8221; background_repeat__hover_enabled=&#8221;no-repeat&#8221; [&hellip;]<\/p>\n","protected":false},"author":1,"featured_media":0,"parent":0,"menu_order":0,"comment_status":"closed","ping_status":"closed","template":"","meta":{"_et_pb_use_builder":"on","_et_pb_old_content":""},"_links":{"self":[{"href":"https:\/\/parroquiabelen.org\/index.php\/wp-json\/wp\/v2\/pages\/482"}],"collection":[{"href":"https:\/\/parroquiabelen.org\/index.php\/wp-json\/wp\/v2\/pages"}],"about":[{"href":"https:\/\/parroquiabelen.org\/index.php\/wp-json\/wp\/v2\/types\/page"}],"author":[{"embeddable":true,"href":"https:\/\/parroquiabelen.org\/index.php\/wp-json\/wp\/v2\/users\/1"}],"replies":[{"embeddable":true,"href":"https:\/\/parroquiabelen.org\/index.php\/wp-json\/wp\/v2\/comments?post=482"}],"version-history":[{"count":11,"href":"https:\/\/parroquiabelen.org\/index.php\/wp-json\/wp\/v2\/pages\/482\/revisions"}],"predecessor-version":[{"id":1040,"href":"https:\/\/parroquiabelen.org\/index.php\/wp-json\/wp\/v2\/pages\/482\/revisions\/1040"}],"wp:attachment":[{"href":"https:\/\/parroquiabelen.org\/index.php\/wp-json\/wp\/v2\/media?parent=482"}],"curies":[{"name":"wp","href":"https:\/\/api.w.org\/{rel}","templated":true}]}}